lse
Does 12 divide 1956?
True
Is 2544 a multiple of 12?
True
Does 52 divide 468?
True
Is 3093 a multiple of 27?
False
Does 8 divide 24?
True
Is 345 a multiple of 17?
False
Is 17018 a multiple of 127?
True
Does 5 divide 19670?
True
Is 62 a factor of 10664?
True
Is 1656 a multiple of 17?
False
Does 41 divide 2173?
True
Does 19 divide 2470?
True
Is 120 a multiple of 20?
True
Does 21 divide 504?
True
Does 12 divide 3984?
True
Does 13 divide 754?
True
Is 17 a factor of 517?
False
Is 389 a multiple of 29?
False
Does 21 divide 42?
True
Is 1138 a multiple of 8?
False
Is 9 a factor of 1663?
False
Does 30 divide 12720?
True
Does 381 divide 37338?
True
Does 13 divide 1327?
False
Does 20 divide 15213?
False
Is 1170 a multiple of 13?
True
Does 13 divide 279?
False
Is 5 a factor of 160?
True
Is 4 a factor of 13332?
True
Is 6842 a multiple of 11?
True
Is 21 a factor of 12783?
False
Is 170 a factor of 14169?
False
Does 6 divide 400?
False
Is 24 a factor of 48?
True
Is 2 a factor of 3787?
False
Is 1139 a multiple of 67?
True
Does 2 divide 265?
False
Is 210 a multiple of 7?
True
Is 1953 a multiple of 21?
True
Does 40 divide 1240?
True
Does 6 divide 8075?
False
Is 29 a factor of 1035?
False
Is 304 a multiple of 19?
True
Is 50 a factor of 400?
True
Is 270 a multiple of 4?
False
Does 10 divide 840?
True
Does 73 divide 4582?
False
Does 43 divide 71?
False
Is 104 a multiple of 4?
True
Is 660 a multiple of 22?
True
Is 18742 a multiple of 106?
False
Is 878 a multiple of 8?
False
Is 50 a multiple of 2?
True
Is 24 a factor of 264?
True
Does 219 divide 40515?
True
Is 47999 a multiple of 22?
False
Is 20 a factor of 2608?
False
Is 75 a factor of 2902?
False
Is 13 a factor of 158?
False
Is 5 a factor of 765?
True
Does 4 divide 1204?
True
Is 6355 a multiple of 58?
False
Is 53 a factor of 80401?
True
Does 4 divide 216?
True
Is 3393 a multiple of 117?
True
Is 2897 a multiple of 7?
False
Does 151 divide 12986?
True
Is 7953 a multiple of 210?
False
Is 14817 a multiple of 9?
False
Is 7 a factor of 963?
False
Does 7 divide 3846?
False
Does 112 divide 54320?
True
Is 65 a multiple of 2?
False
Does 18 divide 3888?
True
Is 12 a factor of 9848?
False
Is 1013 a multiple of 6?
False
Is 19056 a multiple of 16?
True
Does 7 divide 29564?
False
Is 18 a factor of 198?
True
Is 37 a factor of 1628?
True
Does 118 divide 3068?
True
Is 8449 a multiple of 114?
False
Does 45 divide 1890?
True
Is 260 a multiple of 13?
True
Is 364 a multiple of 3?
False
Does 52 divide 6895?
False
Does 27 divide 829?
False
Does 20 divide 115500?
True
Is 66 a factor of 276?
False
Is 1830 a multiple of 30?
True
Is 3731 a multiple of 36?
False
Is 3318 a multiple of 18?
False
Is 482 a multiple of 22?
False
Does 2 divide 2390?
True
Does 10 divide 14590?
True
Does 15 divide 615?
True
Is 12 a factor of 4397?
False
Is 6 a factor of 10210?
False
Is 5 a factor of 325?
True
Is 833 a multiple of 14?
False
Is 24 a factor of 2013?
False
Does 43 divide 516?
True
Is 4 a factor of 390?
False
Is 260 a multiple of 44?
False
Is 3647 a multiple of 233?
False
Is 29516 a multiple of 58?
False
Is 355 even?
False
Is 18 a factor of 112379?
False
Is 11 a factor of 6314?
True
Does 101 divide 119887?
True
Does 8 divide 8414?
False
Is 40 a factor of 689?
False
Is 117 a factor of 4095?
True
Is 35306 a multiple of 6?
False
Is 639 a multiple of 16?
False
Is 4924 a multiple of 23?
False
Does 26 divide 2294?
False
Is 9244 a multiple of 121?
False
Is 5338 a multiple of 34?
True
Does 157 divide 10362?
True
Does 30 divide 2640?
True
Is 31 a factor of 4278?
True
Does 72 divide 72?
True
Is 17 a factor of 3111?
True
Does 93 divide 64612?
False
Is 29 a factor of 142495?
False
Does 35 divide 980?
True
Does 153 divide 10883?
False
Is 3 a factor of 435?
True
Is 2047 a multiple of 17?
False
Is 88 a factor of 48070?
False
Does 8 divide 104?
True
Is 1760 a multiple of 40?
True
Does 4 divide 1888?
True
Does 12 divide 6330?
False
Does 8 divide 11184?
True
Is 9 a factor of 6031?
False
Does 51 divide 510?
True
Does 40 divide 1800?
True
Does 179 divide 40991?
True
Is 8750 a multiple of 62?
False
Is 1422 a multiple of 4?
False
Is 11 a factor of 770?
True
Is 32 a factor of 44480?
True
Is 15 a factor of 403?
False
Is 380 a factor of 108250?
False
Is 19230 a multiple of 30?
True
Is 16 a factor of 2634?
False
Is 9 a factor of 732?
False
Is 16087 a multiple of 91?
False
Is 66 a factor of 46860?
True
Is 13 a factor of 3061?
False
Is 101812 a multiple of 160?
False
Is 5 a factor of 836?
False
Is 3848 a multiple of 7?
False
Does 83 divide 5763?
False
Is 116 a factor of 9512?
True
Is 4148 a multiple of 14?
False
Is 20 a factor of 2220?
True
Is 1007 a multiple of 4?
False
Does 78 divide 2730?
True
Does 27 divide 6561?
True
Is 4 a factor of 208?
True
Is 4863 a multiple of 33?
False
Does 26 divide 3198?
True
Is 24 a factor of 9120?
True
Is 8976 a multiple of 41?
False
Is 27 a factor of 3922?
False
Is 102 a factor of 62885?
False
Does 14 divide 426?
False
Is 57 a factor of 2195?
False
Does 5 divide 419?
False
Is 48 a factor of 910?
False
Is 3964 a multiple of 10?
False
Does 10 divide 588?
False
Does 13 divide 123?
False
Does 41 divide 533?
True
Is 19 a factor of 3204?
False
Is 396 a multiple of 33?
True
Does 25 divide 1541?
False
Does 8 divide 2680?
True
Does 296 divide 53298?
False
Does 4 divide 76?
True
Does 146 divide 5647?
False
Is 169 a multiple of 12?
False
Is 27 a factor of 945?
True
Does 8 divide 1301?
False
Does 5 divide 550?
True
Is 26 a factor of 300?
False
Is 7803 a multiple of 51?
True
Is 30 a factor of 5340?
True
Is 472 a multiple of 4?
True
Is 9328 a multiple of 22?
True
Does 19 divide 90993?
False
Is 19676 a multiple of 10?
False
Is 32101 a multiple of 12?
False
Is 4028 a multiple of 76?
True
Does 49 divide 1176?
True
Does 8 divide 272?
True
Is 8 a factor of 264?
True
Is 62 a factor of 10637?
False
Does 25 divide 1273?
False
Is 35 a factor of 2294?
False
Is 913 a multiple of 11?
True
Does 11 divide 1417?
False
Is 15 a factor of 12420?
True
Is 135 a factor of 81149?
False
Is 5 a factor of 4430?
True
Is 5382 a multiple of 85?
False
Is 308 a multiple of 5?
False
Is 2550 a multiple of 25?
True
Does 16 divide 58592?
True
Is 10 a factor of 20571?
False
Is 9 a factor of 23?
False
Does 34 divide 2798?
False
Is 164 a multiple of 4?
True
Does 7 divide 100629?
False
Is 952 a multiple of 28?
True
Does 9 divide 810?
True
Is 3669 a multiple of 45?
False
Does 10 divide 46029?
False
Does 2 divide 50?
True
Is 170 a factor of 12097?
False
Is 248 a multiple of 8?
True
Is 7242 a multiple of 71?
True
Is 9250 a multiple of 14?
False
Is 31 a factor of 5896?
False
Does 2 divide 2162?
True
Does 80 divide 1920?
True
Does 18 divide 72?
True
Does 14 divide 3374?
True
Is 18497 a multiple of 73?
False
Is 7 a factor of 6517?
True
Does 31 divide 713?
True
Does 13 divide 2676?
False
Is 1909 a multiple of 5?
False
Is 80 a factor of 2847?
False
Does 20 divide 25662?
False
Is 1961 a multiple of 2?
False
Does 6 divide 8622?
True
Is 18880 a multiple of 80?
True
Does 7 divide 9857?
False
Does 72 divide 1512?
True
Is 70785 a multiple of 108?
False
Does 14 divide 4732?
True
Does 29 divide 390?
False
Is 53 a factor of 15847?
True
Does 14 divide 732?
False
Is 1681 a multiple of 2?
False
Is 256 a multiple of 44?
False
Does 134 divide 1355?
False
Is 86 a factor of 14034?
False
Does 14 divide 12815?
False
Is 23958 a multiple of 33?
True
Does 26 divide 1032?
False
Is 2304 a multiple of 21?
False
Does 4 divide 823?
False
Is 25 a factor of 115856?
False
Is 3 a factor of 115?
False
Is 4 a factor of 18180?
True
Does 68 divide 31103?
False
Does 20 divide 400?
True
Does 61 divide 9634?
False
Is 888 a multiple of 37?
True
Does 36 divide 1551?
False
Is 56 a factor of 3472?
True
Is 1824 a multiple of 11?
False
Does 33 divide 1528?
False
Is 977 a multiple of 2?
False
Is 91476 a multiple of 126?
True
Does 20 divide 6200?
True
Is 406 a multiple of 29?
True
Does 9 divide 1116?
True
Is 84 a multiple of 6?
True
Is 2948 a multiple of 44?
True
Is 18 a multiple of 6?
True
Is 13 a factor of 4576?
True
Is 3909 a multiple of 40?
False
Does 18 divide 44478?
True
Is 76 a factor of 1140?
True
Is 916 a multiple of 42?
False
Is 87 a factor of 1653?
True
Is 10149 a multiple of 51?
True
Does 9 divide 10?
False
Is 178 a factor of 18690?
T